he units digit of 1353?
3
What is the hundreds digit of 807?
8
What is the hundreds digit of 2366?
3
What is the ten thousands digit of 80775?
8
What is the units digit of 22658?
8
What is the hundreds digit of 22929?
9
What is the thousands digit of 3774?
3
What is the units digit of 24766?
6
What is the hundreds digit of 11442?
4
What is the tens digit of 3410?
1
What is the tens digit of 2853?
5
What is the tens digit of 7041?
4
What is the tens digit of 4376?
7
What is the ten thousands digit of 32878?
3
What is the hundreds digit of 5700?
7
What is the thousands digit of 170547?
0
What is the tens digit of 3908?
0
What is the hundreds digit of 1112?
1
What is the units digit of 25268?
8
What is the thousands digit of 8214?
8
What is the units digit of 16907?
7
What is the thousands digit of 55801?
5
What is the thousands digit of 66660?
6
What is the thousands digit of 25947?
5
What is the units digit of 1109?
9
What is the hundreds digit of 1862?
8
What is the units digit of 123?
3
What is the tens digit of 1332?
3
What is the tens digit of 10910?
1
What is the units digit of 1230?
0
What is the units digit of 38536?
6
What is the hundreds digit of 735?
7
What is the tens digit of 13478?
7
What is the units digit of 53750?
0
What is the hundreds digit of 1139?
1
What is the thousands digit of 5383?
5
What is the hundreds digit of 1168?
1
What is the hundreds digit of 7203?
2
What is the hundreds digit of 1091?
0
What is the units digit of 21718?
8
What is the tens digit of 845?
4
What is the units digit of 35?
5
What is the tens digit of 22553?
5
What is the hundreds digit of 61984?
9
What is the thousands digit of 6207?
6
What is the units digit of 129186?
6
What is the units digit of 841?
1
What is the tens digit of 3477?
7
What is the units digit of 1800?
0
What is the thousands digit of 2881?
2
What is the thousands digit of 114008?
4
What is the units digit of 940?
0
What is the units digit of 1910?
0
What is the thousands digit of 2736?
2
What is the hundreds digit of 1047?
0
What is the thousands digit of 2045?
2
What is the tens digit of 565?
6
What is the units digit of 25498?
8
What is the hundreds digit of 7560?
5
What is the hundreds digit of 2569?
5
What is the thousands digit of 4114?
4
What is the thousands digit of 28983?
8
What is the hundreds digit of 31530?
5
What is the hundreds digit of 41560?
5
What is the tens digit of 2321?
2
What is the thousands digit of 11817?
1
What is the tens digit of 94165?
6
What is the tens digit of 10745?
4
What is the units digit of 687?
7
What is the thousands digit of 2096?
2
What is the units digit of 451?
1
What is the hundreds digit of 11434?
4
What is the tens digit of 19946?
4
What is the units digit of 29685?
5
What is the hundreds digit of 8975?
9
What is the units digit of 1268?
8
What is the tens digit of 227?
2
What is the tens digit of 27014?
1
What is the tens digit of 19918?
1
What is the tens digit of 2691?
9
What is the units digit of 12630?
0
What is the units digit of 17566?
6
What is the units digit of 221?
1
What is the hundreds digit of 33540?
5
What is the tens digit of 1280?
8
What is the ten thousands digit of 11060?
1
What is the tens digit of 283?
8
What is the thousands digit of 9030?
9
What is the hundreds digit of 52845?
8
What is the hundreds digit of 24518?
5
What is the hundreds digit of 321?
3
What is the hundreds digit of 5306?
3
What is the tens digit of 2898?
9
What is the hundred thousands digit of 100133?
1
What is the units digit of 18265?
5
What is the units digit of 7365?
5
What is the thousands digit of 2791?
2
What is the hundreds digit of 26352?
3
What is the hundreds digit of 84534?
5
What is the hundreds digit of 17123?
1
What is the thousands digit of 1702?
1
What is the hundreds digit of 33316?
3
What is the thousands digit of 163815?
3
What is the units digit of 4803?
3
What is the units digit of 21328?
8
What is the hundreds digit of 9916?
9
What is the tens digit of 5290?
9
What is the tens digit of 672?
7
What is the ten thousands digit of 23868?
2
What is the thousands digit of 108280?
8
What is the units digit of 3643?
3
What is the thousands digit of 70066?
0
What is the units digit of 5002?
2
What is the thousands digit of 10524?
0
What is the tens digit of 9172?
7
What is the units digit of 24899?
9
What is the tens digit of 3070?
7
What is the hundreds digit of 3935?
9
What is the thousands digit of 2089?
2
What is the tens digit of 1170?
7
What is the ten thousands digit of 42792?
4
What is the units digit of 2036?
6
What is the units digit of 155350?
0
What is the units digit of 805?
5
What is the ten thousands digit of 69140?
6
What is the units digit of 50413?
3
What is the hundreds digit of 986?
9
What is the ten thousands digit of 20773?
2
What is the thousands digit of 26751?
6
What is the hundreds digit of 421?
4
What is the hundreds digit of 22327?
3
What is the tens digit of 13260?
6
What is the tens digit of 675?
7
What is the tens digit of 905?
0
What is the hundred thousands digit of 126363?
1
What is the thousands digit of 5996?
5
What is the tens digit of 6743?
4
What is the hundreds digit of 324?
3
What is the ten thousands digit of 16603?
1
What is the tens digit of 1110?
1
What is the units digit of 476?
6
What is the units digit of 3915?
5
What is the units digit of 910?
0
What is the units digit of 139411?
1
What is the units digit of 3397?
7
What is the thousands digit of 10674?
0
What is the thousands digit of 2027?
2
What is the units digit of 740?
0
What is the hundreds digit of 590?
5
What is the ten thousands digit of 15626?
1
What is the thousands digit of 5155?
5
What is the units digit of 11368?
8
What is the ten thousands digit of 11361?
1
What is the tens digit of 1182?
8
What is the tens digit of 11258?
5
What is the thousands digit of 16668?
6
What is the units digit of 587?
7
What is the thousands digit of 2401?
2
What is the ten thousands digit of 11937?
1
What is the units digit of 335?
5
What is the hundreds digit of 1594?
5
What is the units digit of 447?
7
What is the hundreds digit of 1069?
0
What is the tens digit of 683?
8
What is the units digit of 504?
4
What is the hundreds digit of 27829?
8
What is the hundreds digit of 33900?
9
What is the units digit of 1466?
6
What is the tens digit of 42388?
8
What is the tens digit of 540?
4
What is the thousands digit of 7038?
7
What is the units digit of 494?
4
What is the tens digit of 11505?
0
What is the tens digit of 2505?
0
What is the thousands digit of 6937?
6
What is the thousands digit of 3501?
3
What is the units digit of 22262?
2
What is the units digit of 4113?
3
What is the tens digit of 7191?
9
What is the units digit of 153?
3
What is the thousands digit of 2834?
2
What is the hundreds digit of 1255?
2
What is the thousands digit of 16788?
6
What is the tens digit of 4606?
0
What is the thousands digit of 117751?
7
What is the thousands digit of 14843?
4
What is the units digit of 3705?
5
What is the hundreds digit of 2996?
9
What is the units digit of 950?
0
What is the hundreds digit of 760?
7
What is the thousands digit of 29350?
9
What is the tens digit of 5209?
0
What is the units digit of 976?
6
What is the units digit of 4533?
3
What is the hundreds digit of 667?
6
What is the thousands digit of 1220?
1
What is the thousands digit of 49347?
9
What is the thousands digit of 14096?
4
What is the tens digit of 2624?
2
What is the thousands digit of 37360?
7
What is the thousands digit of 7015?
7
What is the hundreds digit of 8327?
3
What is the hundreds digit of 568?
5
What is the tens digit of 1975?
7
What is the tens digit of 1049?
4
What is the hundreds digit of 100394?
3
What is the tens digit of 5343?
4
What is the tens digit of 1644?
4
What is the thousands digit of 3159?
3
What is the hundreds digit of 80039?
0
What is the tens digit of 3564?
6
What is the tens digit of 2188?
8
What is the tens digit of 912?
1
What is the units digit of 8441?
1
What is the hundreds digit of 63847?
8
What is the units digit of 20360?
0
What is the ten thousands digit of 25513?
2
What is the tens digit of 37396?
9
What is the units digit of 9824?
4
What is the tens digit of 3852?
5
What is the units digit of 34435?
5
What is the un